) - (-2)/6. Let f = 291 + -286. Let r(d) = -d - d**i - 18 + 2*d - f*d + 3*d. What is r(0)?
-18
Let b(y) = -354*y - 139. Let u(t) = -212*t - 70. Let f(q) = -3*b(q) + 5*u(q). Determine f(-25).
17
Let n(k) = 11*k + 1. Let u(r) = r**2 - 14. Let o be u(4). Let m be ((9 + -3)/o)/(42/(-28)). What is n(m)?
-21
Let t(m) = 67*m - 33. Let g(p) = 51*p - 32. Let z(b) = 4*g(b) - 3*t(b). Calculate z(7).
-8
Suppose 10*r - 4*g = 9*r - 12, 3*g = 5*r + 9. Let p(w) be the third derivative of 0*w - 1/5*w**5 - w**2 + 0 + r*w**3 - 1/24*w**4. Determine p(-1).
-11
Let b = -76 - -78. Let q(z) = -44*z + z**b - 44*z + 123*z - 37*z. Determine q(3).
3
Let i(z) = 23*z + 42. Suppose 8*o - 84*o - 176 + 24 = 0. Calculate i(o).
-4
Let m(i) = 0*i**2 + 20*i + 21 + 2*i + i**2 - 4*i - 5*i. Calculate m(-9).
-15
Let i(s) = -s - 9*s - 78 + 29*s - s**2. Let t be i(13). Let n(j) = -j**2 + j - 6. Calculate n(t).
-6
Let m(r) = 0 - 307*r**3 - 9*r - 7 + 5*r**2 + 148*r**3 + 160*r**3. Give m(-5).
38
Let d(j) = j. Let g(x) = 5*x + 2. Let n(t) = t. Let i(b) = -g(b) + 6*n(b). Let u(c) = -6*d(c) + i(c). Let w = 12 + -10. Give u(w).
-12
Let l(f) = -9*f - 1. Let s be l(-1). Let v = s - 13. Let j(d) = 116 + 194*d - 195*d - 118. Give j(v).
3
Let x(t) = 6*t**3 + t**2 + t - 2. Let s(f) = -3*f - 8. Let j be s(-1). Let b be j*24/(-40) - 2. What is x(b)?
6
Suppose 41067*m - 41001*m = 66. Let s(l) = 2 - 3 + 2 - 3*l. Give s(m).
-2
Let m(r) = -r**3 - 16*r**2 + 7*r - 173. Let g be ((-4)/32)/((-14)/(-1904)). What is m(g)?
-3
Let h = 233 - 244. Let s = h + 12. Let u(g) = -7*g**3 - 2*g**2 + 2*g - 1. Calculate u(s).
-8
Let z(b) be the third derivative of -7/6*b**3 + 0 - 3*b - 7/24*b**4 - 1/60*b**5 - 25*b**2. Determine z(-4).
5
Let d(j) = 3*j - 3. Let h(m) = -m**3 + 7*m**2 + 2*m. Let r be h(6). Let k(f) = -50 - r + 97. Let x(b) = d(b) - 2*k(b). Give x(1).
2
Suppose 0 = -4*f + 69 - 25. Suppose -f*i + 41 = 8. Let g(r) = i + 3 - 2*r - 4 - 1. What is g(-1)?
3
Let q(c) be the third derivative of -1/24*c**4 - 5/3*c**3 + 1/60*c**5 + 2*c**2 + 0 + 230*c. Determine q(0).
-10
Let i be -7*4*(-2)/8. Suppose 0 = -8*t + 10*t - 4. Let c(n) = -4 - n**3 - 7*n - 1 + 0*n + 8*n**t. Calculate c(i).
-5
Let j(v) = v**2 + 5*v - 1. Let x be j(-6). Suppose 0*g = -x*g - 40. Let b(y) be the third derivative of y**4/12 + 5*y**3/3 + 237*y**2. What is b(g)?
-6
Let r(f) = f**3 + 12*f**2 - 27*f + 8. Suppose 0 = 278*u - 351*u - 1022. Calculate r(u).
-6
Let z(j) = -2*j**2 - 3*j + 12. Let m(f) = 5*f**2 + 11*f - 35. Let v(x) = 3*m(x) + 8*z(x). Give v(2).
5
Suppose 18*d - 65*d - 1610 = 68*d. Let l(a) = 7*a - 14. Let n(y) = 1. Suppose -4*r - 4 = -0. Let g(p) = d*n(p) + r*l(p). Calculate g(-1).
7
Let b = -3174 - -3173. Let i(z) = -4*z**2 + 3*z + 4. What is i(b)?
-3
Let l be 64/56*(-28)/(-8). Suppose -y - l*y = 3*y. Let f(c) = -c**2 - 32. Calculate f(y).
-32
Let p(b) = 2*b**3 - 21*b**2 - 6*b - 31. Let j(d) = 7*d**3 - 75*d**2 - 20*d - 108. Let w(g) = -5*j(g) + 18*p(g). What is w(5)?
-8
Suppose 164 + 209 = -44*i - 23. Let w(n) be the second derivative of -n**4/12 - 2*n**3 + 2*n**2 - n. Calculate w(i).
31
Let h(x) = 57*x + 640. Let s(m) = 19*m + 213. Let c(d) = -3*h(d) + 10*s(d). Determine c(-11).
1
Suppose 0 = 2*w + 5*t + 21, 5*w + 4*t = 2*t. Let m(g) = 5 - 11*g**w + 2*g - g**3 + 5 - 1 + 2. What is m(-11)?
-11
Let u(f) = 3*f + 89. Let b(j) = 7*j + 224. Let w(z) = -2*b(z) + 5*u(z). Let t be 4/2 + (4 - 3). Give w(t).
0
Let n(b) be the second derivative of b**4/4 - 5*b**3/6 - 9*b**2/2 - 10*b + 2. Calculate n(5).
41
Let y(n) = n**3 + 5*n**2 + 2*n - 2. Suppose -j + 6*j = 60. Suppose 3*u - 24 = 3*r, 3*u + 7*r - 24 = 8*r. Let g = u - j. Calculate y(g).
6
Let y(o) = -169*o - 9*o**2 + 2 + 4 - 5 + 167*o - 17*o**3 + 11*o**2. What is y(1)?
-16
Let h = 14/127 + 43/762. Let b(k) be the second derivative of -19*k + 0 + h*k**3 - 9/2*k**2. Give b(6).
-3
Let b(p) be the first derivative of -p**4/4 - p**2/2 - p - 1. Let t be (-48)/22 + (595/(-55) - 209/(-19)). Give b(t).
9
Let p(a) be the third derivative of a**4/2 + 259*a**3/3 + a**2 - 4*a + 260. What is p(-44)?
-10
Let k = -915 + 1179. Let h be (-3)/2*k/99. Let x(z) = 3*z. Give x(h).
-12
Let x(p) = -7*p - 3 + 18*p - 9*p. Let n(s) = -13*s**2 - 12*s + 6*s + 8*s**2 + 6*s**2 + 12. Let o be n(3). Give x(o).
3
Let k(p) = -p**3 + 4*p**2 + 2*p + 2. Suppose 153*n + a - 19 = 149*n, 3*a = -4*n + 17. Let y be (4/1)/(0 - -1). Suppose 0 = -4*z + n*z - y. Give k(z).
10
Let w(d) = -6*d**2 - 11*d - 71. Let s(g) = g**2 + 2*g + 14. Let x(v) = -11*s(v) - 2*w(v). Suppose 0 = -34*j + 11*j + 30*j + 28. Give x(j).
4
Let c(z) = -z**2 + 3*z + 6. Let m be c(4). Let f(o) = -m*o + 2*o**2 + 11 - 23 + 8. What is f(3)?
8
Suppose 4*l = -4*k + 32, -21 + 59 = 5*k + 4*l. Let h(q) = -k*q + 0 - 2825*q**2 - 2 + 12 + 2824*q**2. What is h(-7)?
3
Let b(g) = -g**3 - 4*g**2 + g + 1. Suppose -3*a = 4*l + 36, -3*a = -l - 0*a - 24. Let t be 4/10 - l/(-5). Give b(t).
-9
Let x(w) = -2*w**3 + w. Suppose 3 = 12*q + 51. Let n = q + 3. What is x(n)?
1
Let v(z) = z**3 - 6*z**2 + 6*z + 5. Let j(f) be the first derivative of 26 - 1/4*f**4 - 2*f + 2*f**3 + 4*f**2. Let r be j(7). Give v(r).
10
Let t(m) = -2*m - 20. Suppose -99*x + 61*x - 380 = 0. Give t(x).
0
Let j(p) = -p + 3. Suppose 0 = -3*y - 1616 - 931. Let c = y - -842. Give j(c).
10
Let m(a) = -467*a - 4220. Let g be m(-9). Let w(y) = y + 32. What is w(g)?
15
Let s(u) be the first derivative of -u**4/2 - 3*u**3 - 5*u**2/2 - 7*u - 675. Let q = 185 + -189. Determine s(q).
-3
Let i = -12841 + 12854. Let t(g) = 2*g**3 - g**3 - 14*g - 12*g**2 + 0*g + 10. Calculate t(i).
-3
Let m = 94 - 78. Let u be (-7 + -10 + m)/((-1)/(-2)). Let r(k) = k**3 + 4*k**2 + 4*k + 3. What is r(u)?
3
Let r(l) = l**3 + 17. Suppose -273 = -2*y + 587. Let i = y + -430. Determine r(i).
17
Let f be (3/(-12))/(2 - 34/16). Let k be 2/(3/2 + (1 - f)). Suppose -4*c - v = 26, v - 10 = k*c - 2*c. Let n(d) = d**2 + 4*d - 3. Calculate n(c).
9
Let x be 12*(-10)/20 + (1 - (2 - 33)). Let k(s) = 6*s - 158. What is k(x)?
-2
Let j(g) be the first derivative of g**2/2 + 4*g - 601. What is j(-19)?
-15
Let o be ((-198)/110)/((-1)/5) - -5. Let k(y) = 22 - 974*y**3 - 3 + y - o*y**2 + 973*y**3. What is k(-14)?
5
Let g(t) = -274*t - 16 + t**2 + 281*t + 29. Give g(-7).
13
Let g(a) = -a + 24. Let z(j) = 32*j**3 + 8*j**2 - 3*j + 5. Let n be z(1). Calculate g(n).
-18
Suppose n - 7 = -14. Let h = n + -33. Let r = 36 + h. Let m(l) = l**3 + 3*l**2 - 2*l + 2. Determine m(r).
-6
Let b(o) = 4*o + 1. Let x(z) = 12*z + 48. Let i(p) = -4*b(p) + x(p). Calculate i(13).
-8
Let g be 70/(-12) + (-7)/(-126)*-3. Let m be ((-12)/(-90) - (-32)/60)*g. Let d(x) = 2*x**2 + x - 2. Give d(m).
26
Suppose -8*i = 10*i + 36. Let z(u) = 5*u**2 + 4*u + 1. Let d(k) = k**2 + k - 1. Let x(s) = -d(s) + z(s). Determine x(i).
12
Let t(b) = -b**2 + 2*b + 4. Let v be t(4). Let k(c) be the first derivative of c**3 + 2*c**2 - 40*c + 60. Let i(l) be the first derivative of k(l). Give i(v).
-20
Let w(d) = -3*d + 44. Let m(c) = -31*c + 454. Let u(g) = 2*m(g) - 21*w(g). Suppose 0 = -y - 2*y. Calculate u(y).
-16
Let t be (0 + 33/(-12))*4. Let f(s) = -4*s**2 + 2*s - 3. Let b(m) = -10*m + 5 + 5*m - 2*m**2 + 9*m**2 + m. Let i(a) = t*f(a) - 6*b(a). What is i(-2)?
7
Let y(v) = -v - 1. Let k(z) = 4*z + 2. Let j(c) = -3*k(c) - 15*y(c). Suppose -12*r + 7 = -65. Let o be (18 - r)/(-2) - 2. Determine j(o).
-15
Let f(o) = -o**2 - 5*o. Let z = 26 + -14. Suppose 5*b - 5*y + 80 = 0, y - 1 + 3 = 0. Let l = z + b. Calculate f(l).
-6
Let v(r) be the first derivative of -r**7/840 - r**6/72 + r**5/15 + r**4/3 - 8*r**3 - 32. Let p(h) be the third derivative of v(h). What is p(-6)?
-4
Let d(p) = -16*p - 104. Let m be d(-7). Suppose -10 = 2*a, -n + 127*a = 125*a - m. Let i(w) = 4*w**2 - 2*w - 2. Calculate i(n).
18
Let n(m) = 7*m + 25. Let r(i) = -527*i - 1586. Let l be r(-3). What is n(l)?
-10
Suppose 1329 = 4*z + 3*s + 395, 4*s = 5*z - 1152. Let m(q) = -4*q**2 - 4*q - q**2 + 231*q**3 - z*q**3 - 5. What is m(-4)?
-5
Let k(u) = -4*u**2 - 19*u + 21. Let l be k(1). Let z(a) = 44*a + 2. Give z(l).
-86
Let g(t) be the second derivative of -7*t**3/6 - 37*t**2 - 3033*t. Determine g(-8).
-18
Let i(t) = -9*t - 1. Suppose 4*o + x = 4, x + 2 + 2 = 0. Suppose 2*u - 4 - o = d, d + 12 = 5*u. Let m be 14/28*(0 + d - 0). What is i(m)?
8
Let s(l) = l**2 + 4*